9891. Calculate k(58).
-1
Let l(i) = 393*i + 773. Give l(-2).
-13
Let q(x) = 2*x**3 - 308*x**2 + 334*x - 4283. What is q(153)?
1
Let g(k) = 39*k**2 + 19746*k + 6073. What is g(-506)?
1
Let k(s) = 33*s + 114. Calculate k(3).
213
Let d(m) = 14*m**3 + 10*m**2 - 65*m + 55. Calculate d(1).
14
Let o(w) = -2530*w + 2508. Give o(1).
-22
Let n(m) = -2*m**2 + 230*m - 442. Give n(113).
10
Let s(d) = 2*d**3 + 3*d**2 - 25*d - 7. What is s(-6)?
-181
Let x(y) = -839*y + 3229. Give x(4).
-127
Let t(w) = 265*w - 1861. Calculate t(7).
-6
Let n(j) = -3001*j - 17998. Calculate n(-6).
8
Let v(x) = -x**2 + 47*x - 539. What is v(27)?
1
Let q(y) = 2*y**3 + 29*y**2 + 67*y + 16. Calculate q(-3).
22
Let m(w) = -w**3 - 13*w**2 - 27*w + 31. Give m(-10).
1
Let p(o) = 120*o + 777. Give p(-6).
57
Let m(h) = -h**2 + 33*h + 188. Give m(38).
-2
Let m(k) = 13*k**3 + 2*k**2 - 2*k - 7. Give m(-2).
-99
Let z(r) = -3*r**3 + 170*r**2 + 414*r - 55. What is z(59)?
4
Let r(p) = -196*p - 1553. Calculate r(-8).
15
Let v(a) = -7*a - 684. Give v(-84).
-96
Let c(b) = -b**3 - 44*b**2 - 225*b + 109. What is c(-38)?
-5
Let q(g) = -6*g**3 + 302*g**2 - 98*g - 121. What is q(50)?
-21
Let o(w) = -15*w - 649. Determine o(-45).
26
Let z(m) = 3*m**2 + 2*m - 2. Calculate z(5).
83
Let c(w) = -w**2 - 19*w + 567. Give c(-35).
7
Let i(l) = -32*l**3 + 12155*l**2 + 1898*l + 760. Determine i(380).
0
Let j(k) = -3*k**2 - 2*k - 107. Determine j(0).
-107
Let b(y) = 288*y - 69. Determine b(2).
507
Let f(s) = -s**2 + 32*s - 146. Determine f(0).
-146
Let v(g) = -199*g - 2795. Determine v(-14).
-9
Let l(y) = -7*y**3 + 77*y**2 - 4*y + 70. Calculate l(11).
26
Let b(i) = i**3 + 11*i**2 + 18*i + 18. Give b(-8).
66
Let c(k) = 33*k - 122. Calculate c(5).
43
Let s(n) = 293*n + 589. Calculate s(-2).
3
Let l(o) = 12*o + 463. Give l(0).
463
Let o(q) = -122*q + 846. Determine o(7).
-8
Let h(v) = -11*v**2 - 208*v + 31. Calculate h(-19).
12
Let f(g) = -2*g**2 - 57*g - 67. Determine f(-19).
294
Let t(m) = -2543*m + 15215. Give t(6).
-43
Let j(b) = b**2 - 85*b + 418. Give j(79).
-56
Let l(k) = -6*k**3 + 39*k**2 - 16*k - 13. Calculate l(6).
-1
Let o(z) = z**3 + 11*z**2 + 144*z + 1105. Determine o(-9).
-29
Let z(h) = 119*h + 1208. Determine z(-10).
18
Let z(h) = -16*h**2 + 68*h - 12. Calculate z(4).
4
Let t(j) = 406*j + 14208. What is t(-35)?
-2
Let d(i) = -162*i**3 + i**2 + 7*i - 7. Calculate d(1).
-161
Let g(b) = 1930*b + 11631. Determine g(-6).
51
Let i(j) = 2*j**3 - 32*j**2 - 8*j + 8. Give i(16).
-120
Let z(h) = 81*h + 2398. Determine z(-29).
49
Let a(d) = 8*d**2 + 57*d - 259. Determine a(4).
97
Let c(b) = -b**3 + 15*b**2 - 53*b + 345. Give c(13).
-6
Let g(i) = i**3 + 51*i**2 - 78*i - 1442. What is g(-52)?
-90
Let a(n) = 13*n**2 - 170*n + 512. Give a(3).
119
Let o(t) = t**3 + t**2 - 26*t + 1. Determine o(-5).
31
Let h(p) = p**3 - 69*p + 3. What is h(8)?
-37
Let f(l) = 33*l - 1056. Determine f(27).
-165
Let v(b) = 3232*b - 16225. Give v(5).
-65
Let q(z) = -z**3 - 29*z**2 + 32*z + 74. Determine q(-30).
14
Let w(l) = -l**2 - 10*l - 5. Give w(-9).
4
Let k(s) = 5168*s - 46517. Give k(9).
-5
Let o(l) = -l**2 - 10*l - 1. Give o(-12).
-25
Let l(y) = -1064*y - 4260. Give l(-4).
-4
Let m(d) = 14*d + 515. Determine m(-37).
-3
Let v(i) = -5*i + 117. What is v(19)?
22
Let k(f) = 5*f - 38. Determine k(-16).
-118
Let l(k) = k**2 + 2*k - 2707. Determine l(51).
-4
Let y(k) = 5*k - 490. Calculate y(108).
50
Let w(p) = -94*p**2 + 4*p - 3. Determine w(1).
-93
Let j(o) = -260*o - 6752. Give j(-26).
8
Let q(a) = -a**3 - 13*a**2 + 50*a + 12. Give q(-16).
-20
Let a(b) = -68*b - 555. Determine a(-8).
-11
Let j(x) = -130*x - 13518. What is j(-104)?
2
Let l(a) = 2*a**3 - 12*a**2 - 110*a - 3. Determine l(11).
-3
Let k(q) = 11*q**2 + 8*q + 8. Calculate k(-5).
243
Let l(w) = -490*w + 4466. What is l(9)?
56
Let l(b) = -5*b**2 - 14*b - 103. Give l(-6).
-199
Let v(z) = 6252*z - 118801. Determine v(19).
-13
Let m(q) = -13*q + 56. What is m(9)?
-61
Let j(x) = x**3 - 58*x**2 - 438*x - 1106. What is j(65)?
-1
Let p(l) = -86*l + 345. Give p(4).
1
Let c(u) = -127*u**2 - 112*u + 1. Determine c(1).
-238
Let a(q) = -40*q**2 + 6*q - 6. What is a(1)?
-40
Let n(s) = 5*s**3 - 6*s**2 - 535*s + 1065. Calculate n(2).
11
Let d(q) = q**2 - 20*q + 48. What is d(12)?
-48
Let x(g) = 779*g - 15578. What is x(20)?
2
Let b(j) = -2*j**3 - 2*j**2 + 4*j + 3. What is b(2)?
-13
Let x(i) = i**2 - 5*i - 341. What is x(-21)?
205
Let f(s) = s**2 + 43*s - 2504. Calculate f(-76).
4
Let k(y) = 34*y - 1017. Give k(30).
3
Let g(d) = 3*d**2 + 24*d - 16. Determine g(-10).
44
Let h(l) = 2*l**2 + 22553*l + 45102. What is h(-2)?
4
Let i(r) = 2*r**3 - 34*r**2 - 17*r - 143. Calculate i(18).
199
Let j(x) = 3*x**2 - 1559*x + 25642. Determine j(17).
6
Let v(s) = 6321*s + 37920. What is v(-6)?
-6
Let l(d) = -d**2 + 688*d - 118327. What is l(346)?
5
Let n(i) = -i**3 - 75*i**2 + 13*i + 704. Give n(-75).
-271
Let a(n) = -478*n - 16734. Give a(-35).
-4
Let o(a) = -111*a**2 - 11*a + 4. Calculate o(-1).
-96
Let i(r) = r**3 + 3*r**2 - 7*r - 710. What is i(0)?
-710
Let b(y) = 16*y + 92. Calculate b(-5).
12
Let t(y) = 3*y**3 + 6*y**2 - 224*y - 449. What is t(-2)?
-1
Let w(q) = q**3 + 66*q**2 - 204*q + 187. Calculate w(-69).
-20
Let c(v) = -11*v**2 - 143*v - 17. Determine c(-13).
-17
Let b(x) = -72*x - 3978. Determine b(-55).
-18
Let o(r) = -r**3 + 34*r**2 - 63*r - 6. Determine o(32).
26
Let o(p) = 3*p**2 - 17*p - 10. Give o(5).
-20
Let f(g) = -6*g + 153. Determine f(16).
57
Let s(r) = -7*r**2 + 394*r + 326. Give s(57).
41
Let i(f) = -f**3 + 31*f**2 + 16*f + 541. Determine i(32).
29
Let t(b) = -29*b + 416. Give t(14).
10
Let y(a) = 2*a**2 - 36*a + 13. Calculate y(22).
189
Let s(t) = -34*t**3 - 2*t**2 - 3*t + 5. Calculate s(1).
-34
Let v(g) = 2*g**2 - 15*g - 21. What is v(10)?
29
Let f(m) = 5*m**2 + 3*m - 10. Determine f(2).
16
Let b(m) = m - 1. What is b(-1)?
-2
Let o(u) = -2*u**2 - 34*u - 35. What is o(-11)?
97
Let f(x) = x**3 + 37*x**2 - 412*x + 92. Determine f(-46).
0
Let m(j) = 17*j - 255. Calculate m(6).
-153
Let s(u) = 86*u - 5043. What is s(59)?
31
Let n(c) = -7*c**2 - 3*c + 2. Calculate n(-2).
-20
Let k(f) = -37*f**2 + 99*f + 2. Determine k(3).
-34
Let l(a) = -3*a**2 + 9*a - 8. Determine l(4).
-20
Let t(h) = 648*h - 12480. What is t(19)?
-168
Let b(z) = -z**3 - 27*z**2 - 87*z + 889. What is b(-21)?
70
Let j(f) = 1263*f + 10098. Give j(-8).
-6
Let c(y) = -2*y**2 - 93*y - 1. Give c(-47).
-48
Let x(r) = -2*r**3 - 4*r**2 + 4*r. Determine x(-3).
6
Let l(t) = -t**2 - 14*t - 1. What is l(-7)?
48
Let h(x) = 1318*x - 3951. Give h(3).
3
Let r(d) = 973*d - 63247. Give r(65).
-2
Let j(i) = 43*i + 1479. Give j(-41).
-284
Let o(w) = 673*w + 2693. Give o(-4).
1
Let k(g) = -3*g**2 - 97*g + 203. Determine k(2).
-3
Let w(p) = -17*p**2 + 220*p + 9. Calculate w(13).
-4
Let o(h) = -184*h - 2004. Determine o(-11).
20
Let a(d) = -d**3 + 52*d**2 - 199*d + 30. Determine a(4).
2
Let q(h) = 7*h**2 + 73*h - 2140. Determine q(13).
-8
Let x(y) = -166*y - 514. Calculate x(-3).
-16
Let t(l) = l**3 + 35*l**2 + 73*l - 39. Calculate t(-33).
-270
Let f(z) = 12*z - 974. Give f(81).
-2
Let p(c) = 21*c - 673. Calculate p(33).
20
Let c(f) = 12*f**2 + 599*f - 49. Calculate c(-50).
1
Let r(s) = 4*s**3 - 40*s**2 + 86*s + 9. Calculate r(3).
15
Let y(k) = 8*k**2 + 896*k + 895. Calculate y(-1).
7
Let o(t) = -t**3 + 37*t**2 - 129*t - 94. Determine o(33).
5
Let c(d) = -32*d**2 + 2207*d - 10. What is c(69)?
-79
Let t(d) = -d**3 - 7*d**2 + 30*d + 4. Give t(-10).
4
Let v(w) = -w**2 + 517*w - 26197. Calculate v(57).
23
Let t(u) = -11*u**3 + 3*u**2 - u. Calculate t(2).
-78
Let x(s) = -87*s + 7109. Determine x(82).
-25
Let i(z) = -66*z**2 - 1714*z + 37. Calculate i(-26).
-15
Let u(h) = 2*h**2 - 132*h - 121. Determine u(67).
13
Let w(a) = -250*a - 900. Determine w(-4).
100
Let b(f) = -f**2 + 57*f + 586. Give b(66).
-8
Let k(p) = -22*p**2 - 2*p - 42. Determine k(6).
-846
Let m(f) = 3*f**3 + 148*f**2 + 51*f + 9. Calculate m(-49).
-89
Let h(k) = 2*k**2 + 35*k + 15. Determine h(-18).
33
Let u(n) = 22*n**2 - 546*n - 669. Calculate u(26).
7
Let c(j) = 257*j**3 - 12*j**2 + 14*j - 1. Calculate c(1).
258
Let z(j) = 131*j + 227. Give z(-5).
-428
Let s(h) = -h**2 - 18*h - 57. What is s(-11)?
20
Let z(y) = -4*y**3 - 382*y**2 - 244*y - 5118. Calculate z(-95).
12
Let z(u) =